p + 2*v. Determine t(3).
4
Let g(i) be the first derivative of 2*i**3 + 3*i**2/2 + i - 42. Give g(-3).
46
Let a(j) = -j**3 - 9*j**2 + 2*j + 9. Let r(b) = 51*b**2 - 463*b + 30. Let q be r(9). Determine a(q).
-111
Let o = -192 + 195. Let a(k) be the second derivative of 4*k + k**2 - 1/3*k**3 + 0. Determine a(o).
-4
Let v(h) be the second derivative of -h**5/20 + h**4/12 + h**2 + h. Let a be 4/(-6)*(-10 - (-125)/(-10)). Suppose 0 = a*c - 17*c. Give v(c).
2
Let p(b) = 3*b - 1. Suppose -165 = -3*s - 3*a + 75, -4*s - 2*a = -316. Let n = s - 81. Give p(n).
-10
Let q(n) = 21 - 3*n + 273*n**3 + 252*n**3 - 524*n**3 - 6*n**2. What is q(6)?
3
Let u(d) = 49*d + d**3 + 9*d**2 + 1990 - 1036 - 976 + 18*d**2 + 0*d**3. What is u(-25)?
3
Suppose -134*b + 15 = -131*b. Suppose 2*f + 12 = 8*f. Let r(p) = 7 + f + 1 - 3 + p. Give r(b).
12
Suppose 6 - 27 = -7*b. Let n(g) = 0*g - 2*g + 38*g**2 - b - 37*g**2 + 11*g. Calculate n(-9).
-3
Let c(w) = 21*w - 25. Let f(y) = -y**2 - 8*y + 276. Let v be f(-21). Let t(d) = -8*d + 8. Let r(h) = v*c(h) + 8*t(h). Give r(-12).
1
Let k(o) = 2*o**3 - 11*o**2 + 5*o + 9. Let m(p) = 3*p**3 - 21*p**2 + 9*p + 18. Let i(t) = -5*k(t) + 3*m(t). Let b = -4289 + 4281. What is i(b)?
-7
Let n(v) = -2*v**2 + 22*v - 54. Let u be n(7). Let c(f) = -5*f**2 + 4*f - 7. Determine c(u).
-19
Let i(m) = 4 - 4*m - 9 - 64*m**2 + 66*m**2 - 4. Calculate i(5).
21
Let o(u) be the third derivative of -u**6/120 - 3*u**5/20 - u**4/24 - 3*u**3/2 + 859*u**2 + 2*u. Calculate o(-9).
0
Let i(c) be the second derivative of -1/2*c**2 + 12*c - 1/2*c**3 + 12. Let a = -3 + 2. Calculate i(a).
2
Let l(y) = -y**2 + 7*y - 2. Let n = 247 - 244. Suppose 4*d = -j + d - 2, d = -n. What is l(j)?
-2
Let q(b) = 3*b + 74. Let v = 4624 + -4642. Give q(v).
20
Let s = 904 + -904. Let z(m) = 2*m**2 + 13*m - 7. What is z(s)?
-7
Let j(k) = -2*k**2 + 4*k + 1. Suppose 5 = -l + 3*p - 11, -5*p = -20. Let u be (-3 - -4) + l + 11 + -4. Give j(u).
-15
Let u(a) = -200*a**3 - 5*a**2 + 11*a + 18. Let g(d) = -109*d**3 - 3*d**2 + 6*d + 9. Let w(r) = -11*g(r) + 6*u(r). Calculate w(4).
-7
Suppose 127*z = 64*z - 441. Let l(h) = h**3 + 7*h**2 - 16. Calculate l(z).
-16
Suppose -f = 2*f - 12. Suppose 5 = -f*c + 21. Let d(s) be the third derivative of s**5/60 - s**4/6 + s**3/3 - 4*s**2. Determine d(c).
2
Let k(b) = 17*b**3 + 2*b - 2. Let q be (-16)/(-144)*6*(-3)/(-2). What is k(q)?
17
Let b(d) = d + 21. Let h(x) = -207*x**3 + x**2 - 5*x - 6. Let u be h(-1). Suppose 0 = -3*m + u - 252. Calculate b(m).
6
Let h be -14*3*(-2)/(-6). Let v be (-288)/h - ((-200)/(-56) + -4). Let s(n) = 5 + 20*n - 4 - v*n. Calculate s(0).
1
Let r(u) be the first derivative of -6*u**2 - 6*u - 4598. Calculate r(0).
-6
Let g(b) = b**3 - 3*b + 2. Let h(o) = -o**2 - 90*o - 868. Let a be h(-11). What is g(a)?
0
Let x be 4 + (-1 + 5)/(-2). Suppose 5*r - 24 = -2*w - 7, -30 = -x*r + 5*w. Let q(a) = 3*a**3 - 60*a**3 - a + 1 + 48*a**3 + 5*a**2 + 8*a**3. Calculate q(r).
-4
Let z be (-34)/2 - (-4 + -11). Let j(x) be the third derivative of x**5/10 + x**4/6 + x**3/2 - 6*x**2. Give j(z).
19
Let b(x) = -7*x. Let v(d) = -d**3 + 17*d**2 - 9*d + 179. Let g be v(17). Let n = 65 + -93. Let s = g + n. Give b(s).
14
Let s(f) = -2*f + 12. Let z = 1656 + -638. Suppose 10*u + 938 - z = 0. What is s(u)?
-4
Let i(u) = -2*u**2 - 4*u + 10. Let x be (1*9/18)/(3/(-30)). What is i(x)?
-20
Let s(w) = -5*w + 5*w - 5*w**2 + 2*w**2 + 29*w + 39 + 4*w**2. Calculate s(-27).
-15
Let z(r) = -r**2 - 20. Let x be ((-50)/6)/(6/(-18)). Suppose 15 = 4*s - 3*p, -3*s - 5*p - x = s. Suppose d = -s*d - d. Determine z(d).
-20
Let y(q) = -71*q + 221*q - 18 - 76*q - 75*q. Suppose 0 = -2*c - 0*c - 18. What is y(c)?
-9
Let y(g) be the second derivative of -g**6/120 + g**5/6 + g**4/2 - 7*g**3/6 - 3*g**2 + 20*g. Let b(u) be the first derivative of y(u). What is b(11)?
4
Let q(d) = d**3 + 11*d**2 + 24. Suppose -22*m - 451 = 8*m + 11*m. Calculate q(m).
24
Let d(a) = 123*a**3 + 30*a - 124*a**3 - a**2 - 4 - 29*a. Suppose 26*f - 21*f = 0. Give d(f).
-4
Let j(n) = -142*n + 5. Let w be j(0). Let l(f) = 27*f - 143. Calculate l(w).
-8
Let x(r) = r**2 + 2*r - 4. Let w(g) = 5*g**2 + 11*g + 4. Let f be w(-2). Suppose f*j = -2*p - 18, -5*p - 27 = -6*j + 8*j. Calculate x(j).
20
Let y(o) = o**2 - o - 2*o**2 + 7*o**2 - 2*o**2. Suppose -440*p + 459*p + 18 + 20 = 0. Give y(p).
18
Let r(a) = 7*a + 1. Let k(p) = p**3 - 3*p**2 - 15*p + 29. Let v be k(5). Let w be ((-4 - -1) + v)*(0 - 1). Give r(w).
-6
Let y(d) = -10*d + 58. Let u(n) = 34*n**2 + 167*n + 7. Let h be u(-5). Calculate y(h).
-162
Suppose 3*p - 33 = -4*k, 0 = -4*k - 0*k - p + 43. Suppose -10*s = -k*s. Let m(v) = 3*v**2 + 2*v + s*v - v**3 - 3 - 4*v. Determine m(3).
-9
Let h(l) = l**2 - 4*l + 6. Let o be h(4). Let v(f) = 0*f**3 - f**3 + 2 + o - 12 - 7*f - 6*f**2. Suppose -6*z + 4 - 28 = 0. What is v(z)?
-8
Let a(x) = 4 - 1 + x - 2*x. Let p be (21 + (-658)/28)/(5/4)*-2. What is a(p)?
-1
Let m(b) = -74*b**2 - 86*b**2 + 4*b - 4*b + 135*b**2. Calculate m(-1).
-25
Let a(s) = -14*s**3 + 3*s**2 - 11*s + 12. Let n be a(1). Let v(x) = -x**2 - 8*x + 5. What is v(n)?
-15
Let r(a) = 1780*a**3 + 37*a**2 - 448*a**3 - 63 - 444*a**3 - 448*a**3 - 34*a - 441*a**3. Determine r(36).
9
Let h(b) = 0*b + 2*b - 7 + 0 + 0*b. Suppose 13 = 5*n + 3*p, 2*n - 3*n = 5*p + 15. Calculate h(n).
3
Suppose 3*n = n + 4. Suppose -20 = -x - 5*c, n*x + c - 12 = -2*c. Let l(a) = -a + 1. Let u(d) = -1. Let y(h) = -l(h) - u(h). Give y(x).
0
Suppose 33*n + 0 = 33. Let y(t) = t - 1. Determine y(n).
0
Let n(p) be the third derivative of 0 - 334*p**2 - 5/2*p**3 + 0*p - 1/24*p**4. What is n(-7)?
-8
Let q(d) be the third derivative of d**6/120 - d**5/10 - 5*d**4/24 - 7*d**3/3 - 45*d**2 - 3*d. Calculate q(7).
0
Let s(f) = -2*f - 19. Suppose 0 = -4*o - 4*m - 52, 28*m + 45 = -5*o + 27*m. Calculate s(o).
-3
Let u(s) = -20*s - 26. Let h(k) = -82*k - 97. Let p(x) = 3*h(x) - 11*u(x). Determine p(0).
-5
Let b(j) = -2*j**3 + 69*j**2 - 85*j - 460. Let w be b(33). Let h(n) = -4*n**2 + n + 7. What is h(w)?
-7
Let s(x) = -12*x + 0*x + 10*x + 6 - x**2 - x - 9. Suppose 0 = 2*r - 7*r - 25, -3*r = 5*a - 10. Suppose 2*n - 4*n = -4*m + 14, 5*n + a*m = -5. Calculate s(n).
-3
Let g be 12/((-18)/(-3)) - -2. Suppose -g*c = 5*d - 10, -5*c - 19 = 6. Let n(x) = x**3 - 6*x**2 - 5*x + 11. Calculate n(d).
-19
Let r(m) = 5*m**3 + 11*m**2 - 2*m + 13. Let i(g) = -6*g**3 - 12*g**2 + 2*g - 14. Let j(s) = 6*i(s) + 7*r(s). Suppose 6 = -6*y - 13 + 49. Determine j(y).
-3
Suppose x - 3 - 34 = 0. Suppose -19 - x = 8*v. Let c(k) = k + k**2 + 5*k + 7 + 0*k. Determine c(v).
14
Let h(l) = -l - 3. Suppose 3*k + 9 = -2*v - 87, -2*v = -4*k + 68. Let b be v/15*10/2. Let m = -18 - b. Calculate h(m).
1
Let t(w) = w**3 + 13*w**2 + 10*w - 21. Let h be t(-12). Suppose -h*b + 6*b - 21 = 0. Let g(y) = -4*y + 9. Calculate g(b).
-19
Let i(q) be the third derivative of -q**6/120 - 7*q**5/60 - 5*q**4/24 - q**3/3 + 617*q**2 + 4*q - 1. Give i(-4).
-30
Let h(u) = -44*u. Let g be h(-3). Let i = -124 + g. Let t(b) = b - 5. What is t(i)?
3
Let d(i) = -19*i + 14. Let c(v) = 71*v - 54. Let n(a) = 3*c(a) + 11*d(a). Calculate n(3).
4
Suppose -23*r - 48 = -39*r. Let f(y) = -y**3 + y**2 + y - 1. Let t(c) = -4*c**3 - c**2 + 7*c - 5. Let l(g) = r*f(g) - t(g). Suppose -2*q - 10 = -0*q. Give l(q).
-3
Let f(s) = -17*s**2 + 15*s + 307. Let z(b) = -13*b**2 + 12*b + 230. Let r(y) = -10*f(y) + 13*z(y). Calculate r(-10).
-40
Let x(k) be the first derivative of 1/3*k**3 + 1/2*k**2 - 44 - 2*k. What is x(-2)?
0
Let n be (-1 + -33)/(2/(-1)). Suppose -34 = n*p + 68. Let h(l) = -2*l + 4. Calculate h(p).
16
Let z = 6 - 1. Let t(h) be the second derivative of -h**3/3 - h**2/2 - h + 11. Let j(k) = -2*k - 3. Let w(a) = -2*j(a) + 3*t(a). Give w(z).
-7
Suppose -3*u + 6*u = 0. Let f(h) be the third derivative of -h**6/120 + h**5/60 + h**4/24 - h**3 + 300*h**2 + 2*h. What is f(u)?
-6
Suppose 11*t - 21 = 34. Let k(h) = h**3 + 11*h**2 - 4*h - 2. Let l(x) = x**3 + 10*x**2 - 2*x - 2. Let y(o) = t*l(o) - 4*k(o). Determine y(-5).
-7
Let i(d) = d**2 - 3. Let v be -8 + 6 - (-1 - 6). Suppose -16 = v*g - 1. Calculate i(g).
6
Let k(m) be the second derivative of 7/3*m**3 + 18 + m - 1/2*m**2. Give k(1).
13
Suppose -38 = -5*p - 3*f, p - 2*f - 42 = -24. Let k(n) = n**3 - 11*n**2 + 6*n + 10. Determine k(p)